401
What are the prime factors of 103993605?
3, 5, 83, 9281
List the prime factors of 6587956.
2, 1646989
What are the prime factors of 5865839730?
2, 3, 5, 23, 2833739
List the prime factors of 286236102.
2, 3, 19, 2510843
List the prime factors of 5480562660.
2, 3, 5, 41, 2227871
What are the prime factors of 346104826?
2, 73, 2370581
What are the prime factors of 86795302?
2, 11, 17, 232073
List the prime factors of 45335645.
5, 23, 394223
List the prime factors of 482890033.
821, 588173
What are the prime factors of 207784815?
3, 5, 7, 43, 46021
List the prime factors of 35273503.
211, 167173
What are the prime factors of 15759041?
15759041
What are the prime factors of 3368587428?
2, 3, 93571873
List the prime factors of 170673754.
2, 23, 3710299
What are the prime factors of 45441455?
5, 257, 35363
What are the prime factors of 253351069?
107, 2367767
List the prime factors of 101085659.
6997, 14447
What are the prime factors of 1616000?
2, 5, 101
List the prime factors of 143772147.
3, 15974683
List the prime factors of 186120282.
2, 3, 47, 660001
What are the prime factors of 26493081?
3, 8831027
List the prime factors of 23482124.
2, 37, 158663
What are the prime factors of 193917626?
2, 7, 3677, 3767
List the prime factors of 47992788.
2, 3, 1333133
What are the prime factors of 2820985311?
3, 1217, 772661
What are the prime factors of 118251652?
2, 29562913
List the prime factors of 79850214.
2, 3, 4436123
What are the prime factors of 2658118690?
2, 5, 109, 389, 6269
List the prime factors of 53919518.
2, 701, 38459
What are the prime factors of 913657929?
3, 547, 556769
List the prime factors of 61141954.
2, 199, 153623
List the prime factors of 228949815.
3, 5, 2389, 6389
What are the prime factors of 122895099?
3, 593, 23027
List the prime factors of 164858587.
139, 1186033
What are the prime factors of 905006472?
2, 3, 443, 85121
What are the prime factors of 1555764123?
3, 37, 43, 325951
What are the prime factors of 543889280?
2, 5, 11, 23, 3359
What are the prime factors of 1076294788?
2, 269073697
List the prime factors of 1769622179.
13, 136124783
List the prime factors of 1693940586.
2, 3, 13, 37, 586951
List the prime factors of 170592454.
2, 107, 797161
List the prime factors of 4521870796.
2, 257, 4398707
List the prime factors of 113655788.
2, 23, 1235389
List the prime factors of 653639792.
2, 13, 3142499
What are the prime factors of 115460738?
2, 57730369
List the prime factors of 261251828.
2, 65312957
What are the prime factors of 232394222?
2, 116197111
What are the prime factors of 90999377?
7, 41, 317071
What are the prime factors of 89205517?
6733, 13249
What are the prime factors of 1046248456?
2, 11, 103, 115429
What are the prime factors of 77477997?
3, 53, 487283
What are the prime factors of 1448321346?
2, 3, 80462297
What are the prime factors of 123202766?
2, 23, 2678321
List the prime factors of 594575967.
3, 23, 61, 141263
What are the prime factors of 479435870?
2, 5, 17, 2820211
What are the prime factors of 42356616?
2, 3, 23, 76733
What are the prime factors of 3126291419?
61, 823, 62273
What are the prime factors of 3235380270?
2, 3, 5, 37, 659, 4423
List the prime factors of 4038421057.
11, 31, 127, 93251
List the prime factors of 957896817.
3, 41, 7787779
What are the prime factors of 1670627646?
2, 3, 1117, 27697
What are the prime factors of 3576756633?
3, 17, 70132483
List the prime factors of 2413061102.
2, 1206530551
List the prime factors of 439734852.
2, 3, 17, 53, 4519
What are the prime factors of 90445367?
90445367
List the prime factors of 32660910.
2, 3, 5, 17, 21347
What are the prime factors of 2187099?
3, 243011
List the prime factors of 38064384.
2, 3, 5507
List the prime factors of 32377556.
2, 191, 42379
What are the prime factors of 17477886?
2, 3, 167, 17443
List the prime factors of 4961318117.
7, 907, 781433
What are the prime factors of 28246855?
5, 7, 13, 62081
List the prime factors of 483882604.
2, 120970651
List the prime factors of 1522956130.
2, 5, 6247, 24379
List the prime factors of 361433023.
7, 53, 974213
List the prime factors of 42896011.
157, 433, 631
What are the prime factors of 2033559298?
2, 1016779649
What are the prime factors of 2360838470?
2, 5, 61, 3870227
What are the prime factors of 302251973?
302251973
What are the prime factors of 426393308?
2, 11, 1427, 6791
List the prime factors of 42237580.
2, 5, 7, 11, 27427
List the prime factors of 326222178.
2, 3, 54370363
What are the prime factors of 589093178?
2, 877, 335857
What are the prime factors of 3596429315?
5, 73, 1511, 6521
What are the prime factors of 148360913?
1993, 74441
List the prime factors of 444122631.
3, 1297, 38047
List the prime factors of 17098572.
2, 3, 1424881
What are the prime factors of 4564207350?
2, 3, 5, 83, 122201
What are the prime factors of 61946392?
2, 1831, 4229
List the prime factors of 67593648.
2, 3, 1408201
List the prime factors of 107819245.
5, 29, 397, 1873
List the prime factors of 2074772138.
2, 61, 3121, 5449
List the prime factors of 244831703.
244831703
List the prime factors of 41051168.
2, 41, 67, 467
What are the prime factors of 708758262?
2, 3, 4375051
List the prime factors of 49755553.
49755553
List the prime factors of 81566604.
2, 3, 7, 67, 4831
List the prime factors of 96725104.
2, 7, 17, 37, 1373
List the prime factors of 268625055.
3, 5, 17908337
What are the prime factors of 594592751?
594592751
What are the prime factors of 388133931?
3, 197, 656741
List the prime factors of 62477411.
163, 383297
List the prime factors of 628397301.
3, 7, 3407, 8783
What are the prime factors of 74453618?
2, 179, 207971
What are the prime factors of 941654566?
2, 227, 2074129
List the prime factors of 19431101.
19431101
What are the prime factors of 1972616871?
3, 657538957
What are the prime factors of 448179177?
3, 17, 516931
What are the prime factors of 41652435?
3, 5, 11, 53, 433
List the prime factors of 710354437.
13, 2633, 20753
What are the prime factors of 382619199?
3, 79, 1181, 1367
What are the prime factors of 806156486?
2, 23, 103, 229, 743
What are the prime factors of 294251886?
2, 3, 811, 6719
List the prime factors of 556087314.
2, 3, 92681219
List the prime factors of 552142156.
2, 138035539
List the prime factors of 230402036.
2, 1259, 45751
What are the prime factors of 258352230?
2, 3, 5, 17, 506573
List the prime factors of 5144394697.
13, 83, 647, 7369
List the prime factors of 1410012954.
2, 3, 7, 53, 70381
List the prime factors of 73427786.
2, 2617, 14029
List the prime factors of 267141267.
3, 9894121
What are the prime factors of 99140580?
2, 3, 5, 7, 11, 23, 311
List the prime factors of 10962241.
10962241
What are the prime factors of 567212967?
3, 47, 1340929
List the prime factors of 4311518.
2, 19, 83, 1367
List the prime factors of 35563975.
5, 31, 109, 421
List the prime factors of 435887968.
2, 19, 137, 5233
List the prime factors of 1409945106.
2, 3, 1213, 193727
What are the prime factors of 26561714?
2, 2053, 6469
List the prime factors of 346305782.
2, 173152891
List the prime factors of 31691875.
5, 50707
What are the prime factors of 226459391?
1597, 141803
What are the prime factors of 1441696668?
2, 3, 19, 1163, 5437
What are the prime factors of 1947619102?
2, 11, 13, 61, 111637
What are the prime factors of 49973716?
2, 13, 961033
What are the prime factors of 1822074664?
2, 6449, 35317
What are the prime factors of 90719002?
2, 11, 4123591
What are the prime factors of 387571473?
3, 4784833
What are the prime factors of 69146838?
2, 3, 43, 97, 307
List the prime factors of 1235241304.
2, 11, 14036833
List the prime factors of 1074515053.
1759, 610867
What are the prime factors of 46482336?
2, 3, 79, 227
What are the prime factors of 7497675809?
13, 59, 787, 12421
List the prime factors of 164531410.
2, 5, 2729, 6029
What are the prime factors of 5844787008?
2, 3, 173, 175963
What are the prime factors of 680027917?
19, 35790943
List the prime factors of 391462408.
2, 227, 215563
What are the prime factors of 2089136?
2, 7, 23, 811
What are the prime factors of 550325131?
11321, 48611
List the prime factors of 118575322.
2, 97, 611213
List the prime factors of 17231282.
2, 103, 233, 359
List the prim